{"id":63,"date":"2025-01-29T00:11:52","date_gmt":"2025-01-28T23:11:52","guid":{"rendered":"https:\/\/gastropanskapole.cz\/?page_id=63"},"modified":"2025-01-29T00:15:20","modified_gmt":"2025-01-28T23:15:20","slug":"cateringove-sluzby","status":"publish","type":"page","link":"https:\/\/gastropanskapole.cz\/?page_id=63","title":{"rendered":"Cateringov\u00e9 slu\u017eby"},"content":{"rendered":"\n<p>V&nbsp;t\u00e9to sekci bychom V\u00e1m r\u00e1di nab\u00eddli mo\u017enost objednat si v&nbsp;podstat\u011b jakoukoliv slu\u017ebu, kter\u00e1 zahrnuje pohostinskou \u010dinnost.<\/p>\n\n\n\n<p>M\u00e1me profesn\u00ed zku\u0161enosti s&nbsp;p\u0159\u00edpravou a organizac\u00ed jak\u00e9koliv cateringov\u00e9 akce.<\/p>\n\n\n\n<p>V&nbsp;p\u0159\u00edpad\u011b z\u00e1jmu o uspo\u0159\u00e1d\u00e1n\u00ed ob\u010derstven\u00ed, rautu, brunche, svatby, hostiny, grilov\u00e1n\u00ed n\u00e1s nev\u00e1hejte kontaktovat.&nbsp;<\/p>\n\n\n\n<p>Velice r\u00e1di pro p\u0159iprav\u00edme nab\u00eddku p\u0159esn\u011b dle va\u0161ich po\u017eadavk\u016f.&nbsp;<\/p>\n\n\n\n<p>Aktu\u00e1ln\u011b nab\u00edz\u00edme i mo\u017enost pron\u00e1jmu \u0161koln\u00ed j\u00eddelny. Samoz\u0159ejm\u011b mimo dobu, kdy je vyu\u017e\u00edv\u00e1na \u0161kolou. Tedy ve v\u0161edn\u00ed dny do cca 15:00.<\/p>\n","protected":false},"excerpt":{"rendered":"<p>V&nbsp;t\u00e9to sekci bychom V\u00e1m r\u00e1di nab\u00eddli mo\u017enost objednat si v&nbsp;podstat\u011b jakoukoliv slu\u017ebu, kter\u00e1 zahrnuje pohostinskou \u010dinnost. M\u00e1me profesn\u00ed zku\u0161enosti s&nbsp;p\u0159\u00edpravou a organizac\u00ed jak\u00e9koliv cateringov\u00e9 akce. V&nbsp;p\u0159\u00edpad\u011b z\u00e1jmu o uspo\u0159\u00e1d\u00e1n\u00ed ob\u010derstven\u00ed, rautu, brunche, svatby, hostiny, grilov\u00e1n\u00ed n\u00e1s nev\u00e1hejte kontaktovat.&nbsp; Velice r\u00e1di pro p\u0159iprav\u00edme nab\u00eddku p\u0159esn\u011b dle va\u0161ich po\u017eadavk\u016f.&nbsp; Aktu\u00e1ln\u011b nab\u00edz\u00edme i mo\u017enost pron\u00e1jmu \u0161koln\u00ed j\u00eddelny. Samoz\u0159ejm\u011b &hellip; <a href=\"https:\/\/gastropanskapole.cz\/?page_id=63\" class=\"more-link\">Pokra\u010dov\u00e1n\u00ed textu <span class=\"screen-reader-text\">Cateringov\u00e9 slu\u017eby<\/span><\/a><\/p>\n","protected":false},"author":1,"featured_media":0,"parent":0,"menu_order":0,"comment_status":"closed","ping_status":"closed","template":"","meta":{"footnotes":""},"class_list":["post-63","page","type-page","status-publish","hentry"],"_links":{"self":[{"href":"https:\/\/gastropanskapole.cz\/index.php?rest_route=\/wp\/v2\/pages\/63","targetHints":{"allow":["GET"]}}],"collection":[{"href":"https:\/\/gastropanskapole.cz\/index.php?rest_route=\/wp\/v2\/pages"}],"about":[{"href":"https:\/\/gastropanskapole.cz\/index.php?rest_route=\/wp\/v2\/types\/page"}],"author":[{"embeddable":true,"href":"https:\/\/gastropanskapole.cz\/index.php?rest_route=\/wp\/v2\/users\/1"}],"replies":[{"embeddable":true,"href":"https:\/\/gastropanskapole.cz\/index.php?rest_route=%2Fwp%2Fv2%2Fcomments&post=63"}],"version-history":[{"count":2,"href":"https:\/\/gastropanskapole.cz\/index.php?rest_route=\/wp\/v2\/pages\/63\/revisions"}],"predecessor-version":[{"id":70,"href":"https:\/\/gastropanskapole.cz\/index.php?rest_route=\/wp\/v2\/pages\/63\/revisions\/70"}],"wp:attachment":[{"href":"https:\/\/gastropanskapole.cz\/index.php?rest_route=%2Fwp%2Fv2%2Fmedia&parent=63"}],"curies":[{"name":"wp","href":"https:\/\/api.w.org\/{rel}","templated":true}]}}